504
In base 13, what is -1b4a - -9?
-1b41
In base 5, what is -204123 - 110?
-204233
In base 4, what is 2 - 11302?
-11300
In base 11, what is 0 - 217706?
-217706
In base 7, what is 411 + 355?
1066
In base 4, what is 100 - 1103102?
-1103002
In base 12, what is -14458a3 - 1?
-14458a4
In base 12, what is 110 - -60?
170
In base 2, what is -1010 - 1010011010000?
-1010011011010
In base 11, what is 1a11 - 8?
1a04
In base 9, what is -273876 + -12?
-273888
In base 3, what is 10120000200 + 0?
10120000200
In base 13, what is 182 + 98?
24a
In base 3, what is 10112110 - -20011?
10202121
In base 15, what is 3 - -3860?
3863
In base 12, what is 1425 - 5b?
1386
In base 6, what is -234455 - -43?
-234412
In base 2, what is -1001101 + 101101010000?
101100000011
In base 12, what is -28 - -1b1?
185
In base 6, what is 34303022 - 3?
34303015
In base 12, what is -3b0075 + -3?
-3b0078
In base 6, what is 32142 + 22?
32204
In base 11, what is 0 + 480955?
480955
In base 10, what is 11 - -1670?
1681
In base 13, what is 29 - 3?
26
In base 4, what is -3331222033 - -12?
-3331222021
In base 12, what is 0 + -3a166?
-3a166
In base 8, what is -2 + -1502451?
-1502453
In base 15, what is -2a - 1024?
-104e
In base 6, what is 4 - -1500?
1504
In base 16, what is -7 - -6b3?
6ac
In base 4, what is -110121210 - -3?
-110121201
In base 9, what is 54222 - -3?
54225
In base 3, what is 11120100222 - -11?
11120101010
In base 16, what is 1e + 5b63?
5b81
In base 13, what is 738 - 175?
593
In base 8, what is 17502 + -232?
17250
In base 7, what is 1 + 4154101?
4154102
In base 6, what is -5 - -1141030?
1141021
In base 9, what is -13 - 27183?
-27206
In base 7, what is -1560561 - 12?
-1560603
In base 7, what is -221 - 25053?
-25304
In base 9, what is -5758 + 8?
-5750
In base 15, what is -16c - 6c35?
-6da2
In base 11, what is -3 + 110809?
110806
In base 5, what is 3034233 - 3?
3034230
In base 6, what is -131434 + -1?
-131435
In base 6, what is 14445432 - 5?
14445423
In base 13, what is -2a + -cb5b?
-cb88
In base 10, what is 2375 - -2069?
4444
In base 5, what is 0 + -40230112?
-40230112
In base 14, what is -1a - 680a?
-6826
In base 9, what is -8 + 3308?
3300
In base 16, what is -887e - -1?
-887d
In base 5, what is -34404 + -142?
-40101
In base 6, what is 4433 + 3211?
12044
In base 5, what is -142 + 31210?
31013
In base 11, what is 4 + -18558?
-18554
In base 12, what is -2754b2 + -4?
-2754b6
In base 13, what is -cb0b - 4?
-cb12
In base 12, what is 906 - -8?
912
In base 9, what is -23 + -865?
-888
In base 5, what is 440024 - -11?
440040
In base 10, what is -13611 - 5?
-13616
In base 2, what is 100011 + -1000000?
-11101
In base 8, what is 20554 + -36?
20516
In base 15, what is -9b65 - -3?
-9b62
In base 13, what is 203 - -11a?
320
In base 4, what is 3200 - -222131?
231331
In base 11, what is 39a - 17?
383
In base 15, what is 163 - 10ad?
-e4a
In base 4, what is -3 + -2331213220?
-2331213223
In base 16, what is -1 - -2fb9e?
2fb9d
In base 11, what is 76 - -239a?
2465
In base 14, what is -4d + -12c?
-17b
In base 2, what is 10111010011110100 - -1?
10111010011110101
In base 12, what is 184 + -16b?
15
In base 15, what is -1 + 1978b?
1978a
In base 11, what is 176 + -1104?
-a39
In base 9, what is -21381 - 31?
-21422
In base 2, what is 11110100 + 100010110?
1000001010
In base 7, what is 234 - -145?
412
In base 2, what is -111000111100 + 101?
-111000110111
In base 11, what is -1 + -1903?
-1904
In base 7, what is -1322 + -3465?
-5120
In base 4, what is 3 - -2133210?
2133213
In base 5, what is -2 - -402233?
402231
In base 15, what is c7 - -14a?
222
In base 8, what is -107365 - 2?
-107367
In base 11, what is -1 - -12236?
12235
In base 8, what is 3 - 21302?
-21277
In base 16, what is 2a + -89a?
-870
In base 10, what is -99 - 90?
-189
In base 6, what is -133 - 152302?
-152435
In base 2, what is -10001001111101 - -1?
-10001001111100
In base 15, what is -e8023 + -7?
-e802a
In base 11, what is -43aa - 827?
-5126
In base 2, what is -10100111110 - -110101010?
-1110010100
In base 16, what is c48 + -b?
c3d
In base 12, what is -841 - 72?
-8b3
In base 4, what is -130331 - -331?
-130000
In base 16, what is e4a + 2f?
e79
In base 15, what is -3 + 1147?
1144
In base 16, what is 3b4 - -32?
3e6
In base 4, what is -31213010 + -2?
-31213012
In base 12, what is -1b - -75b48?
75b29
In base 14, what is -3 + 338c?
3389
In base 2, what is -1001000101001001 - -101?
-1001000101000100
In base 8, what is -204204 - 2?
-204206
In base 5, what is -2 - 111334013?
-111334020
In base 7, what is 5 + -2033400?
-2033362
In base 7, what is -1065522 - 2?
-1065524
In base 16, what is 1e + 5b2?
5d0
In base 12, what is -1152 - b9?
-124b
In base 5, what is -10 + -1003014?
-1003024
In base 12, what is -13 - -b58?
b45
In base 9, what is 6326286 + 1?
6326287
In base 13, what is -5 - 256a65?
-256a6a
In base 2, what is -1100010111101101000 - -10?
-1100010111101100110
In base 13, what is -3 + aa95?
aa92
In base 5, what is -22 + -4432034?
-4432111
In base 7, what is 4604 - -156?
5063
In base 4, what is -133003 + 20020?
-112323
In base 16, what is 293 + 1a?
2ad
In base 6, what is 0 + -10015303?
-10015303
In base 10, what is 2 - -401461?
401463
In base 15, what is -a00 + 35?
-9ba
In base 2, what is -101111111100010010 - -101?
-101111111100001101
In base 12, what is -37 - -37003?
36b88
In base 13, what is b452 - -21?
b473
In base 2, what is 100 - -100000011110111?
100000011111011
In base 6, what is 10015 + -1?
10014
In base 5, what is -1014 - -142130?
141111
In base 8, what is -3 - -202741?
202736
In base 16, what is -464f2 + -1?
-464f3
In base 2, what is 1100010100010 - 1000?
1100010011010
In base 13, what is 104b - -33?
1081
In base 15, what is -5 - 20b6?
-20bb
In base 9, what is -504 - -28?
-465
In base 14, what is 3 - -1c059?
1c05c
In base 16, what is fa + -918?
-81e
In base 13, what is -1c6 - -189?
-3a
In base 6, what is 2 + 24510?
24512
In base 10, what is 2218 - -270?
2488
In base 15, what is -3 + 2c5b9?
2c5b6
In base 4, what is 32011222 - -22?
32011310
In base 10, what is 890249 + -1?
890248
In base 4, what is -2232313 - -3033?
-2223220
In base 9, what is -2 - 31317?
-31320
In base 9, what is 1 - -270760?
270761
In base 16, what is b28 + 248?
d70
In base 13, what is 51 + -4a3?
-452
In base 9, what is -226 + -247?
-474
In base 16, what is -4 - d9f8?
-d9fc
In base 13, what is 3 - -68337?
6833a
In base 9, what is 16 - -17536?
17553
In base 6, what is -32 - -10250104?
10250032
In base 9, what is 505 - -284?
800
In base 6, what is 3 + -21454034?
-21454031
In base 14, what is 88 + -3082?
-2dd8
In base 11, what is -49 - 637?
-685
In base 3, what is -20 - 12112201?
-12112221
In base 2, what is -11 + -11101001111?
-11101010010
In base 7, what is -245653 - 2?
-245655
In base 4, what is -1 + 2012210333?
2012210332
In base 2, what is 1 + -101000001001011111?
-101000001001011110
In base 15, what is 2409 - 8?
2401
In base 9, what is -3 - 4736?
-4740
In base 4, what is -1003320 - -1103?
-1002211
In base 11, what is 3888 - -64?
3941
In base 7, what is -5 - -35216?
35211
In base 8, what is -5 - 134106?
-134113
In base 6, what is 5 - 1001300?
-1001251
In base 14, what is 9a + 2b?
c7
In base 13, what is 2 + 5163?
5165
In base 15, what is 38525 + -1?
38524
In base 9, what is 3 + -1136?
-1133
In base 16, what is -b74f59 + 0?
-b74f59
In base 8, what is -2456 - 16?
-2474
In base 8, what is -72451 - -260?
-72171
In base 16, what is -1 + -27cd8?
-27cd9
In base 4, what is 20322313 + -11?
20322302
In base 2, what is 10 - 100100010001000?
-100100010000110
In base 13, what is 651 + 1668?
1cb9
In base 15, what is 1 - 8aa6a?
-8aa69
In base 7, what is -4 - 630?
-634
In base 11, what is 164478 + 1?
164479
In base 3, what is -120222111 - 11?
-120222122
In base 10, what is 24516 - -1?
24517
In base 15, what is 2 - -2384?
2386
In base 13, what is 3aab + -16?
3a95
In base 15, what is 598 + 84?
62c
In base 8, what is 324 - -3455?
4001
In base 15, what is 199 - -2?
19b
In base 12, what is 1 - 5329?
-5328
In base 5, what is -42 - -1102300?
1102203
In base 16, what is 3129 + -f?
311a
In base 12, what is -b + -bbb?
-100a
In base 3, what is 1112012101 - -10?
1112012111
In base 9, what is -245262 - -5?
-245256
In base 14, what is -1 - -1522?
1521
In base 12, what is 2a7a97 - 3?
2a7a94
In base 13, what i